
Calculate the highest common factor of 18037566 and 9991.
103
What is the greatest common factor of 58739 and 840919?
151
Calculate the greatest common factor of 415413 and 41454927.
4113
Calculate the highest common factor of 8 and 48059096.
8
What is the greatest common factor of 428 and 16844?
4
What is the greatest common divisor of 33448180 and 1870?
170
Calculate the highest common factor of 6937831 and 1178.
589
Calculate the highest common factor of 10439040 and 7680.
1920
Calculate the greatest common factor of 1176179 and 119.
17
What is the highest common factor of 1961472 and 8704?
512
What is the highest common divisor of 298297 and 7528?
941
What is the greatest common divisor of 201302 and 106666?
802
Calculate the highest common divisor of 12126898 and 24272.
3034
What is the greatest common factor of 46860897 and 1653?
1653
What is the highest common divisor of 12 and 52494523?
1
What is the highest common divisor of 1962248 and 40?
8
Calculate the greatest common factor of 39 and 22167171.
39
What is the greatest common factor of 294203 and 28?
7
What is the highest common factor of 117 and 197821?
13
What is the highest common divisor of 19024 and 10686076?
164
Calculate the highest common divisor of 624093 and 28918.
19
What is the greatest common divisor of 2130432 and 20736?
768
What is the greatest common factor of 40979490 and 30?
30
What is the greatest common divisor of 2120 and 2886910?
530
What is the greatest common factor of 215458 and 2794?
2
Calculate the greatest common divisor of 214997 and 3033700.
1319
What is the highest common divisor of 63 and 122814261?
9
Calculate the highest common divisor of 8 and 2154676.
4
What is the greatest common factor of 988547 and 3101?
7
Calculate the highest common factor of 11544 and 12247.
37
Calculate the greatest common divisor of 208511534 and 6028.
3014
Calculate the greatest common factor of 3480466 and 2252.
1126
What is the greatest common divisor of 1912674 and 14898?
1146
Calculate the greatest common divisor of 104 and 86271562.
26
What is the highest common factor of 1921 and 151691?
17
Calculate the greatest common factor of 1904 and 58596076.
476
Calculate the highest common factor of 4915 and 234129957.
983
What is the greatest common divisor of 245706027 and 25165?
5033
Calculate the greatest common divisor of 6304 and 2942480.
16
Calculate the greatest common divisor of 98078 and 522964.
178
Calculate the greatest common divisor of 10 and 28595865.
5
What is the greatest common factor of 1551 and 11869539?
33
What is the greatest common divisor of 14065 and 352640?
145
Calculate the greatest common divisor of 1261532 and 14.
2
Calculate the greatest common divisor of 26927519 and 4468.
1117
Calculate the highest common factor of 1973 and 33724489.
1973
Calculate the greatest common divisor of 803324 and 4606.
94
What is the highest common divisor of 32 and 17732976?
16
What is the highest common divisor of 3332 and 50342355?
833
What is the greatest common factor of 724704851 and 26?
13
Calculate the highest common factor of 1608 and 221304.
24
What is the highest common factor of 34000 and 55080?
680
Calculate the greatest common factor of 46 and 275424.
2
Calculate the greatest common divisor of 31002 and 330.
6
Calculate the greatest common divisor of 1149 and 222140.
383
Calculate the highest common divisor of 3074940 and 36036.
396
Calculate the greatest common divisor of 71065296 and 32.
16
Calculate the greatest common divisor of 67497703 and 819.
91
What is the greatest common factor of 4652718 and 25662?
1974
What is the highest common divisor of 7566251 and 3388?
847
Calculate the greatest common divisor of 32565 and 8532420.
195
Calculate the greatest common divisor of 1024889 and 3161.
29
What is the greatest common factor of 61629407 and 742?
371
Calculate the highest common divisor of 351820422 and 81.
81
What is the greatest common factor of 33360 and 5657160?
120
What is the greatest common factor of 48613 and 1082693?
281
Calculate the highest common factor of 5144 and 141690194.
1286
What is the greatest common divisor of 333 and 6282489?
111
Calculate the highest common factor of 23757846 and 882.
294
What is the highest common factor of 49391211 and 12897?
4299
What is the greatest common factor of 6426 and 2204496?
378
Calculate the greatest common divisor of 152 and 458944.
8
Calculate the highest common factor of 99 and 278012757.
33
What is the highest common factor of 14295 and 67860?
15
What is the highest common divisor of 246208 and 18369425?
3847
Calculate the highest common divisor of 620 and 64740.
20
What is the highest common divisor of 450 and 872478?
18
What is the greatest common divisor of 3971064 and 867?
51
What is the greatest common factor of 8707559 and 16492?
217
Calculate the greatest common factor of 1280 and 2302.
2
What is the highest common factor of 30029238 and 618?
618
Calculate the highest common factor of 66 and 97757385.
33
What is the highest common divisor of 3625371 and 7011?
171
What is the highest common divisor of 3294 and 2752930?
122
Calculate the highest common divisor of 53871198 and 272.
34
Calculate the greatest common divisor of 216214 and 22.
2
Calculate the greatest common divisor of 62367250 and 5500.
2750
Calculate the greatest common divisor of 212 and 2660282.
106
What is the highest common factor of 409096680 and 264?
24
Calculate the highest common divisor of 8 and 10938391.
1
Calculate the greatest common factor of 623116 and 7383.
23
What is the highest common divisor of 729433185 and 2820?
705
What is the highest common factor of 11 and 1196737080?
11
What is the highest common factor of 16164 and 2280285?
9
What is the greatest common divisor of 19002528 and 108?
36
Calculate the greatest common divisor of 17053300 and 22.
22
Calculate the highest common divisor of 517605 and 3685.
55
What is the greatest common divisor of 540000 and 30600?
1800
What is the highest common factor of 1024023 and 3575?
143
What is the greatest common factor of 45 and 23056230?
15
Calculate the highest common divisor of 8822821 and 3857.
133
Calculate the highest common divisor of 4739 and 34727.
7
Calculate the highest common divisor of 285243 and 77644.
329
Calculate the greatest common factor of 5368530 and 6810.
30
What is the greatest common divisor of 24 and 19914280?
8
What is the highest common factor of 4550 and 2771650?
350
What is the highest common divisor of 9303693 and 161385?
609
Calculate the highest common factor of 28 and 3630823.
7
What is the greatest common factor of 218 and 298274?
2
What is the greatest common factor of 3999 and 13271348?
1333
Calculate the highest common divisor of 69871740 and 2280.
1140
What is the highest common factor of 48 and 12202752?
48
Calculate the greatest common divisor of 193409 and 8034115.
527
Calculate the greatest common factor of 942 and 21867745.
157
Calculate the greatest common factor of 240 and 41378928.
48
Calculate the highest common divisor of 833 and 1195786494.
833
What is the highest common divisor of 600783 and 2967?
69
Calculate the highest common divisor of 20486810 and 12679.
409
What is the highest common factor of 1360136 and 38471?
1241
Calculate the greatest common divisor of 3832 and 19170538.
958
Calculate the greatest common factor of 20537 and 4019651.
1867
What is the highest common factor of 683 and 164113289?
683
Calculate the greatest common factor of 12966330 and 1378.
26
What is the greatest common factor of 38800098 and 9?
9
What is the greatest common divisor of 5546128 and 70?
14
Calculate the greatest common factor of 3047437 and 26384.
17
What is the greatest common factor of 4775 and 261550?
25
Calculate the greatest common factor of 718 and 153593842.
718
What is the highest common divisor of 6169796 and 5572?
796
Calculate the greatest common factor of 1154 and 15941933.
577
What is the highest common factor of 1334 and 12499?
29
Calculate the greatest common divisor of 107828 and 15876.
28
What is the greatest common divisor of 45525 and 310875?
75
What is the greatest common divisor of 15159450 and 19650?
150
What is the highest common divisor of 2708073 and 28443?
1497
Calculate the greatest commo